{"id":223,"date":"2018-06-18T11:12:43","date_gmt":"2018-06-18T10:12:43","guid":{"rendered":"http:\/\/arcadia.cuerq.net\/?page_id=223"},"modified":"2018-06-19T16:14:20","modified_gmt":"2018-06-19T15:14:20","slug":"attaque-de-pucerons","status":"publish","type":"page","link":"https:\/\/arcadia.cuerq.net\/?page_id=223","title":{"rendered":"&#8211; Attaque de pucerons"},"content":{"rendered":"<p style=\"text-align: center;\"><span style=\"font-size: 18pt;\">Attaque de pucerons<\/span><\/p>\n<p><span style=\"font-size: 14pt;\">Je m\u2019occupe depuis plus de quinze ans d\u2019un verger d\u2019agrumes bio, et je crois bien que jamais je n\u2019y avais vu, avant le 2 mai 2018, de pucerons sur les arbres. Des pucerons, on en voit, en grandes quantit\u00e9s, de couleurs diverses donc probablement de vari\u00e9t\u00e9s diverses, sur d\u2019autres plantes du verger, <a href=\"#Ref1\">blettes sauvages<sup>1<\/sup><\/a> en particulier. Au d\u00e9but des ann\u00e9es 2000, sur deux ou trois ans, une personne de l\u2019INRA, qui faisait une \u00e9tude sur les pucerons des agrumes, sachant que nous ne traitions pas, venait de temps en temps au verger. Il en faisait le tour, puis venait nous voir, et nous donnait immanquablement la m\u00eame information : \u00ab Vous avez eu des attaques de pucerons \u00e0 tel et tel endroit, mais je n\u2019en ai pas vu, les coccinelles sont arriv\u00e9es avant moi. \u00bb<\/span><\/p>\n<hr \/>\n<p style=\"text-align: right;\"><span style=\"font-size: 12pt;\"><sup><a id=\"Ref1\"><\/a>1<\/sup><em>Ici on les appelle (ainsi que d\u2019autres plantes comestibles qui \u00ab\u00a0poussent\u00a0 toutes seules\u00a0\u00bb)\u00a0le \u00ab\u00a0l\u00e9gume du fain\u00e9ant\u00a0\u00bb.<br \/>\nSi on les laisse vivre et se reproduire, chaque ann\u00e9e elles repoussent toutes seules en quantit\u00e9s consid\u00e9rables, et sont tr\u00e8s bonnes.<\/em><\/span><\/p>\n<p>&nbsp;<\/p>\n<p><span style=\"font-size: 14pt;\">Le 2 mai 2018, je constate une attaque de pucerons sur un oranger. C\u2019est un Sucrena, num\u00e9ro 105 pour les intimes. Plant\u00e9 en 2005, il n\u2019est pas bien grand, moins de deux m\u00e8tres. Mais il est en bonne forme, et produit quelques kilos d\u2019oranges, les bonnes ann\u00e9es.<\/span><\/p>\n<table class=\" aligncenter\" style=\"width: 800px;\" cellspacing=\"10\">\n<tbody>\n<tr>\n<td style=\"width: 452.5px;\"><span style=\"font-size: 14pt;\"><img decoding=\"async\" loading=\"lazy\" class=\"aligncenter wp-image-229\" src=\"http:\/\/arcadia.cuerq.net\/wp-content\/uploads\/2018\/06\/image001.png\" alt=\"\" width=\"1522\" height=\"2000\" srcset=\"https:\/\/arcadia.cuerq.net\/wp-content\/uploads\/2018\/06\/image001.png 595w, https:\/\/arcadia.cuerq.net\/wp-content\/uploads\/2018\/06\/image001-228x300.png 228w\" sizes=\"(max-width: 1522px) 100vw, 1522px\" \/><\/span><\/td>\n<td style=\"width: 309.5px; text-align: left; vertical-align: middle;\">\n<p style=\"text-align: left;\"><span style=\"font-size: 14pt;\">Quelques feuilles sont\u00a0 recroquevill\u00e9es, enroul\u00e9es sur elles-m\u00eames. Un certain nombre d\u2019autres, d\u2019aspect ext\u00e9rieur normal, sont recouvertes, en partie inf\u00e9rieure, d\u2019un grouillant tapis de pucerons de toutes tailles. Les petits sont vert clair, les plus gros beaucoup plus sombres.<\/span><\/p>\n<p><span style=\"font-size: 14pt;\">Des fourmis s\u2019y affairent.<\/span><\/td>\n<\/tr>\n<\/tbody>\n<\/table>\n<p><span style=\"font-size: 14pt;\">Le 3 mai, des coccinelles jaunes s\u2019affairent pour pr\u00e9parer la contre-attaque.<\/span><\/p>\n<p><span style=\"font-size: 14pt;\"><a href=\"http:\/\/arcadia.cuerq.net\/wp-content\/uploads\/2018\/06\/image002.png\"><img decoding=\"async\" loading=\"lazy\" class=\"aligncenter size-full wp-image-238\" src=\"http:\/\/arcadia.cuerq.net\/wp-content\/uploads\/2018\/06\/image002.png\" alt=\"\" width=\"685\" height=\"595\" srcset=\"https:\/\/arcadia.cuerq.net\/wp-content\/uploads\/2018\/06\/image002.png 685w, https:\/\/arcadia.cuerq.net\/wp-content\/uploads\/2018\/06\/image002-300x261.png 300w\" sizes=\"(max-width: 685px) 100vw, 685px\" \/><\/a><\/span><\/p>\n<p><span style=\"font-size: 14pt;\">Le 5 mai, on constate que d\u2019autres visiteurs ont \u00e9t\u00e9 attir\u00e9s par le festin : une momie est visible, preuve du passage d\u2019une gu\u00eape parasito\u00efde (peut-\u00eatre Aphidius colemani).<\/span><\/p>\n<p><span style=\"font-size: 14pt;\"><a href=\"http:\/\/arcadia.cuerq.net\/wp-content\/uploads\/2018\/06\/image003.png\"><img decoding=\"async\" loading=\"lazy\" class=\"aligncenter size-full wp-image-239\" src=\"http:\/\/arcadia.cuerq.net\/wp-content\/uploads\/2018\/06\/image003.png\" alt=\"\" width=\"842\" height=\"589\" srcset=\"https:\/\/arcadia.cuerq.net\/wp-content\/uploads\/2018\/06\/image003.png 842w, https:\/\/arcadia.cuerq.net\/wp-content\/uploads\/2018\/06\/image003-300x210.png 300w, https:\/\/arcadia.cuerq.net\/wp-content\/uploads\/2018\/06\/image003-768x537.png 768w\" sizes=\"(max-width: 842px) 100vw, 842px\" \/><\/a><\/span><\/p>\n<p><span style=\"font-size: 14pt;\">Le 8 mai, les momies sont un peu plus nombreuses. Et des larves de coccinelles de premi\u00e8re g\u00e9n\u00e9ration sont au travail.<\/span><\/p>\n<table class=\" aligncenter\" style=\"width: 667.25px;\">\n<tbody>\n<tr>\n<td style=\"width: 505px; text-align: center;\"><span style=\"font-size: 14pt;\"><a href=\"http:\/\/arcadia.cuerq.net\/wp-content\/uploads\/2018\/06\/image004.png\"><img decoding=\"async\" loading=\"lazy\" class=\"aligncenter size-full wp-image-240\" src=\"http:\/\/arcadia.cuerq.net\/wp-content\/uploads\/2018\/06\/image004.png\" alt=\"\" width=\"595\" height=\"820\" srcset=\"https:\/\/arcadia.cuerq.net\/wp-content\/uploads\/2018\/06\/image004.png 595w, https:\/\/arcadia.cuerq.net\/wp-content\/uploads\/2018\/06\/image004-218x300.png 218w\" sizes=\"(max-width: 595px) 100vw, 595px\" \/><\/a><\/span><\/td>\n<td style=\"width: 125px;\"><span style=\"font-size: 14pt;\">\u00a0<\/span><\/td>\n<td style=\"width: 172.25px;\">\n<p style=\"text-align: center;\"><span style=\"font-size: 14pt;\"><a href=\"http:\/\/arcadia.cuerq.net\/wp-content\/uploads\/2018\/06\/image005.png\"><img decoding=\"async\" loading=\"lazy\" class=\"aligncenter wp-image-241 size-full\" src=\"http:\/\/arcadia.cuerq.net\/wp-content\/uploads\/2018\/06\/image005.png\" alt=\"\" width=\"568\" height=\"842\" srcset=\"https:\/\/arcadia.cuerq.net\/wp-content\/uploads\/2018\/06\/image005.png 568w, https:\/\/arcadia.cuerq.net\/wp-content\/uploads\/2018\/06\/image005-202x300.png 202w\" sizes=\"(max-width: 568px) 100vw, 568px\" \/><\/a><\/span><\/p>\n<table>\n<tbody>\n<tr>\n<td style=\"border-color: #000000;\"><span style=\"font-size: 14pt;\">Larve de syrphe<\/span><\/td>\n<\/tr>\n<\/tbody>\n<\/table>\n<\/td>\n<\/tr>\n<\/tbody>\n<\/table>\n<p><span style=\"font-size: 14pt;\">Le 9 mai, pr\u00e9sence d\u2019une larve de syrphe (photo ci-dessus), preuve que la r\u00e9putation du restaurant grandit et se propage.<\/span><\/p>\n<p><span style=\"font-size: 14pt;\">Le 10 mai, une coccinelle noire fait un \u00e9tat des lieux. Sur certaines feuilles, la guerre est finie. Pas de pucerons survivants. Restent des poussi\u00e8res noires, et de nombreuses momies. Sur d\u2019autres feuilles, les larves de coccinelles sont toujours en action, et les adultes toujours sur place \u00e0 pr\u00e9parer la rel\u00e8ve\u2026<\/span><\/p>\n<p><span style=\"font-size: 14pt;\"><a href=\"http:\/\/arcadia.cuerq.net\/wp-content\/uploads\/2018\/06\/image006.png\"><img decoding=\"async\" loading=\"lazy\" class=\"aligncenter size-full wp-image-244\" src=\"http:\/\/arcadia.cuerq.net\/wp-content\/uploads\/2018\/06\/image006.png\" alt=\"\" width=\"842\" height=\"435\" srcset=\"https:\/\/arcadia.cuerq.net\/wp-content\/uploads\/2018\/06\/image006.png 842w, https:\/\/arcadia.cuerq.net\/wp-content\/uploads\/2018\/06\/image006-300x155.png 300w, https:\/\/arcadia.cuerq.net\/wp-content\/uploads\/2018\/06\/image006-768x397.png 768w\" sizes=\"(max-width: 842px) 100vw, 842px\" \/><\/a><\/span><\/p>\n<p><span style=\"font-size: 14pt;\">Le 12 mai, les larves de coccinelles sont encore nombreuses sur le chantier.<\/span><\/p>\n<p><span style=\"font-size: 14pt;\"><a href=\"http:\/\/arcadia.cuerq.net\/wp-content\/uploads\/2018\/06\/image007.png\"><img decoding=\"async\" loading=\"lazy\" class=\"aligncenter size-full wp-image-245\" src=\"http:\/\/arcadia.cuerq.net\/wp-content\/uploads\/2018\/06\/image007.png\" alt=\"\" width=\"822\" height=\"595\" srcset=\"https:\/\/arcadia.cuerq.net\/wp-content\/uploads\/2018\/06\/image007.png 822w, https:\/\/arcadia.cuerq.net\/wp-content\/uploads\/2018\/06\/image007-300x217.png 300w, https:\/\/arcadia.cuerq.net\/wp-content\/uploads\/2018\/06\/image007-768x556.png 768w\" sizes=\"(max-width: 822px) 100vw, 822px\" \/><\/a><\/span><\/p>\n<p><span style=\"font-size: 14pt;\">Le 13 mai, visite discr\u00e8te d\u2019un chrysope, difficile \u00e0 distinguer sur une feuille\u2026 Un peu tard. Il n\u2019y a plus grand chose \u00e0 se mettre sous la dent. Les nagu\u00e8re verdoyants champs de pucerons ne sont plus, pour la plupart, que des cimeti\u00e8res.<\/span><\/p>\n<table class=\" aligncenter\">\n<tbody>\n<tr>\n<td><span style=\"font-size: 14pt;\"><a href=\"http:\/\/arcadia.cuerq.net\/wp-content\/uploads\/2018\/06\/image008.png\"><img decoding=\"async\" loading=\"lazy\" class=\"aligncenter size-full wp-image-246\" src=\"http:\/\/arcadia.cuerq.net\/wp-content\/uploads\/2018\/06\/image008.png\" alt=\"\" width=\"595\" height=\"826\" srcset=\"https:\/\/arcadia.cuerq.net\/wp-content\/uploads\/2018\/06\/image008.png 595w, https:\/\/arcadia.cuerq.net\/wp-content\/uploads\/2018\/06\/image008-216x300.png 216w\" sizes=\"(max-width: 595px) 100vw, 595px\" \/><\/a><\/span><\/td>\n<td>\n<table class=\" aligncenter\">\n<tbody>\n<tr>\n<td style=\"border-color: #000000;\"><span style=\"font-size: 14pt;\">Chrysope<\/span><\/td>\n<\/tr>\n<\/tbody>\n<\/table>\n<\/td>\n<\/tr>\n<\/tbody>\n<\/table>\n<p><span style=\"font-size: 14pt;\">Le 30 mai, une larve de coccinelle de seconde g\u00e9n\u00e9ration parcourt encore les feuilles de l\u2019arbre. Mais les seules traces de l\u2019attaque des pucerons sont quelques feuilles tordues, enroul\u00e9es sur elles-m\u00eames, et des restes de poussi\u00e8res noires sous les feuilles attaqu\u00e9es, d\u00e9j\u00e0 en partie balay\u00e9es par le vent et la pluie.<\/span><\/p>\n<p><span style=\"font-size: 14pt;\">Le 31 mai, des fourmis sur une feuille se disputent le corps d\u2019une larve de coccinelle de quatri\u00e8me g\u00e9n\u00e9ration (peut-\u00eatre morte de faim ?).<\/span><\/p>\n<p><span style=\"font-size: 14pt;\"><a href=\"http:\/\/arcadia.cuerq.net\/wp-content\/uploads\/2018\/06\/image009.png\"><img decoding=\"async\" loading=\"lazy\" class=\"aligncenter size-full wp-image-247\" src=\"http:\/\/arcadia.cuerq.net\/wp-content\/uploads\/2018\/06\/image009.png\" alt=\"\" width=\"809\" height=\"595\" srcset=\"https:\/\/arcadia.cuerq.net\/wp-content\/uploads\/2018\/06\/image009.png 809w, https:\/\/arcadia.cuerq.net\/wp-content\/uploads\/2018\/06\/image009-300x221.png 300w, https:\/\/arcadia.cuerq.net\/wp-content\/uploads\/2018\/06\/image009-768x565.png 768w\" sizes=\"(max-width: 809px) 100vw, 809px\" \/><\/a><\/span><\/p>\n<p><span style=\"font-size: 14pt;\">Vallauris, le 11 juin 2018<\/span><\/p>\n","protected":false},"excerpt":{"rendered":"<p>Attaque de pucerons Je m\u2019occupe depuis plus de quinze ans d\u2019un verger d\u2019agrumes bio, et je crois bien que jamais je n\u2019y avais vu, avant le 2 mai 2018, de pucerons sur les arbres. Des pucerons, on en voit, en grandes quantit\u00e9s, de couleurs diverses donc probablement de vari\u00e9t\u00e9s diverses, sur d\u2019autres plantes du verger, &hellip; <a href=\"https:\/\/arcadia.cuerq.net\/?page_id=223\" class=\"more-link\">Continuer la lecture de <span class=\"screen-reader-text\">&#8211; Attaque de pucerons<\/span>  <span class=\"meta-nav\">&rarr;<\/span><\/a><\/p>\n","protected":false},"author":2,"featured_media":0,"parent":0,"menu_order":0,"comment_status":"closed","ping_status":"closed","template":"","meta":[],"_links":{"self":[{"href":"https:\/\/arcadia.cuerq.net\/index.php?rest_route=\/wp\/v2\/pages\/223"}],"collection":[{"href":"https:\/\/arcadia.cuerq.net\/index.php?rest_route=\/wp\/v2\/pages"}],"about":[{"href":"https:\/\/arcadia.cuerq.net\/index.php?rest_route=\/wp\/v2\/types\/page"}],"author":[{"embeddable":true,"href":"https:\/\/arcadia.cuerq.net\/index.php?rest_route=\/wp\/v2\/users\/2"}],"replies":[{"embeddable":true,"href":"https:\/\/arcadia.cuerq.net\/index.php?rest_route=%2Fwp%2Fv2%2Fcomments&post=223"}],"version-history":[{"count":17,"href":"https:\/\/arcadia.cuerq.net\/index.php?rest_route=\/wp\/v2\/pages\/223\/revisions"}],"predecessor-version":[{"id":251,"href":"https:\/\/arcadia.cuerq.net\/index.php?rest_route=\/wp\/v2\/pages\/223\/revisions\/251"}],"wp:attachment":[{"href":"https:\/\/arcadia.cuerq.net\/index.php?rest_route=%2Fwp%2Fv2%2Fmedia&parent=223"}],"curies":[{"name":"wp","href":"https:\/\/api.w.org\/{rel}","templated":true}]}}

<p style="text-align: center;"><span style="font-size: 18pt;">Attaque de pucerons</span></p>
<p><span style="font-size: 14pt;">Je m’occupe depuis plus de quinze ans d’un verger d’agrumes bio, et je crois bien que jamais je n’y avais vu, avant le 2 mai 2018, de pucerons sur les arbres. Des pucerons, on en voit, en grandes quantités, de couleurs diverses donc probablement de variétés diverses, sur d’autres plantes du verger, <a href="#Ref1">blettes sauvages<sup>1</sup></a> en particulier. Au début des années 2000, sur deux ou trois ans, une personne de l’INRA, qui faisait une étude sur les pucerons des agrumes, sachant que nous ne traitions pas, venait de temps en temps au verger. Il en faisait le tour, puis venait nous voir, et nous donnait immanquablement la même information : « Vous avez eu des attaques de pucerons à tel et tel endroit, mais je n’en ai pas vu, les coccinelles sont arrivées avant moi. »</span></p>
<hr />
<p style="text-align: right;"><span style="font-size: 12pt;"><sup><a id="Ref1"></a>1</sup><em>Ici on les appelle (ainsi que d’autres plantes comestibles qui « poussent  toutes seules ») le « légume du fainéant ».<br />
Si on les laisse vivre et se reproduire, chaque année elles repoussent toutes seules en quantités considérables, et sont très bonnes.</em></span></p>
<p>&nbsp;</p>
<p><span style="font-size: 14pt;">Le 2 mai 2018, je constate une attaque de pucerons sur un oranger. C’est un Sucrena, numéro 105 pour les intimes. Planté en 2005, il n’est pas bien grand, moins de deux mètres. Mais il est en bonne forme, et produit quelques kilos d’oranges, les bonnes années.</span></p>
<table class=" aligncenter" style="width: 800px;" cellspacing="10">
<tbody>
<tr>
<td style="width: 452.5px;"><span style="font-size: 14pt;"><img decoding="async" loading="lazy" class="aligncenter wp-image-229" src="http://arcadia.cuerq.net/wp-content/uploads/2018/06/image001.png" alt="" width="1522" height="2000" srcset="https://arcadia.cuerq.net/wp-content/uploads/2018/06/image001.png 595w, https://arcadia.cuerq.net/wp-content/uploads/2018/06/image001-228x300.png 228w" sizes="(max-width: 1522px) 100vw, 1522px" /></span></td>
<td style="width: 309.5px; text-align: left; vertical-align: middle;">
<p style="text-align: left;"><span style="font-size: 14pt;">Quelques feuilles sont  recroquevillées, enroulées sur elles-mêmes. Un certain nombre d’autres, d’aspect extérieur normal, sont recouvertes, en partie inférieure, d’un grouillant tapis de pucerons de toutes tailles. Les petits sont vert clair, les plus gros beaucoup plus sombres.</span></p>
<p><span style="font-size: 14pt;">Des fourmis s’y affairent.</span></td>
</tr>
</tbody>
</table>
<p><span style="font-size: 14pt;">Le 3 mai, des coccinelles jaunes s’affairent pour préparer la contre-attaque.</span></p>
<p><span style="font-size: 14pt;"><a href="http://arcadia.cuerq.net/wp-content/uploads/2018/06/image002.png"><img decoding="async" loading="lazy" class="aligncenter size-full wp-image-238" src="http://arcadia.cuerq.net/wp-content/uploads/2018/06/image002.png" alt="" width="685" height="595" srcset="https://arcadia.cuerq.net/wp-content/uploads/2018/06/image002.png 685w, https://arcadia.cuerq.net/wp-content/uploads/2018/06/image002-300x261.png 300w" sizes="(max-width: 685px) 100vw, 685px" /></a></span></p>
<p><span style="font-size: 14pt;">Le 5 mai, on constate que d’autres visiteurs ont été attirés par le festin : une momie est visible, preuve du passage d’une guêpe parasitoïde (peut-être Aphidius colemani).</span></p>
<p><span style="font-size: 14pt;"><a href="http://arcadia.cuerq.net/wp-content/uploads/2018/06/image003.png"><img decoding="async" loading="lazy" class="aligncenter size-full wp-image-239" src="http://arcadia.cuerq.net/wp-content/uploads/2018/06/image003.png" alt="" width="842" height="589" srcset="https://arcadia.cuerq.net/wp-content/uploads/2018/06/image003.png 842w, https://arcadia.cuerq.net/wp-content/uploads/2018/06/image003-300x210.png 300w, https://arcadia.cuerq.net/wp-content/uploads/2018/06/image003-768x537.png 768w" sizes="(max-width: 842px) 100vw, 842px" /></a></span></p>
<p><span style="font-size: 14pt;">Le 8 mai, les momies sont un peu plus nombreuses. Et des larves de coccinelles de première génération sont au travail.</span></p>
<table class=" aligncenter" style="width: 667.25px;">
<tbody>
<tr>
<td style="width: 505px; text-align: center;"><span style="font-size: 14pt;"><a href="http://arcadia.cuerq.net/wp-content/uploads/2018/06/image004.png"><img decoding="async" loading="lazy" class="aligncenter size-full wp-image-240" src="http://arcadia.cuerq.net/wp-content/uploads/2018/06/image004.png" alt="" width="595" height="820" srcset="https://arcadia.cuerq.net/wp-content/uploads/2018/06/image004.png 595w, https://arcadia.cuerq.net/wp-content/uploads/2018/06/image004-218x300.png 218w" sizes="(max-width: 595px) 100vw, 595px" /></a></span></td>
<td style="width: 125px;"><span style="font-size: 14pt;"> </span></td>
<td style="width: 172.25px;">
<p style="text-align: center;"><span style="font-size: 14pt;"><a href="http://arcadia.cuerq.net/wp-content/uploads/2018/06/image005.png"><img decoding="async" loading="lazy" class="aligncenter wp-image-241 size-full" src="http://arcadia.cuerq.net/wp-content/uploads/2018/06/image005.png" alt="" width="568" height="842" srcset="https://arcadia.cuerq.net/wp-content/uploads/2018/06/image005.png 568w, https://arcadia.cuerq.net/wp-content/uploads/2018/06/image005-202x300.png 202w" sizes="(max-width: 568px) 100vw, 568px" /></a></span></p>
<table>
<tbody>
<tr>
<td style="border-color: #000000;"><span style="font-size: 14pt;">Larve de syrphe</span></td>
</tr>
</tbody>
</table>
</td>
</tr>
</tbody>
</table>
<p><span style="font-size: 14pt;">Le 9 mai, présence d’une larve de syrphe (photo ci-dessus), preuve que la réputation du restaurant grandit et se propage.</span></p>
<p><span style="font-size: 14pt;">Le 10 mai, une coccinelle noire fait un état des lieux. Sur certaines feuilles, la guerre est finie. Pas de pucerons survivants. Restent des poussières noires, et de nombreuses momies. Sur d’autres feuilles, les larves de coccinelles sont toujours en action, et les adultes toujours sur place à préparer la relève…</span></p>
<p><span style="font-size: 14pt;"><a href="http://arcadia.cuerq.net/wp-content/uploads/2018/06/image006.png"><img decoding="async" loading="lazy" class="aligncenter size-full wp-image-244" src="http://arcadia.cuerq.net/wp-content/uploads/2018/06/image006.png" alt="" width="842" height="435" srcset="https://arcadia.cuerq.net/wp-content/uploads/2018/06/image006.png 842w, https://arcadia.cuerq.net/wp-content/uploads/2018/06/image006-300x155.png 300w, https://arcadia.cuerq.net/wp-content/uploads/2018/06/image006-768x397.png 768w" sizes="(max-width: 842px) 100vw, 842px" /></a></span></p>
<p><span style="font-size: 14pt;">Le 12 mai, les larves de coccinelles sont encore nombreuses sur le chantier.</span></p>
<p><span style="font-size: 14pt;"><a href="http://arcadia.cuerq.net/wp-content/uploads/2018/06/image007.png"><img decoding="async" loading="lazy" class="aligncenter size-full wp-image-245" src="http://arcadia.cuerq.net/wp-content/uploads/2018/06/image007.png" alt="" width="822" height="595" srcset="https://arcadia.cuerq.net/wp-content/uploads/2018/06/image007.png 822w, https://arcadia.cuerq.net/wp-content/uploads/2018/06/image007-300x217.png 300w, https://arcadia.cuerq.net/wp-content/uploads/2018/06/image007-768x556.png 768w" sizes="(max-width: 822px) 100vw, 822px" /></a></span></p>
<p><span style="font-size: 14pt;">Le 13 mai, visite discrète d’un chrysope, difficile à distinguer sur une feuille… Un peu tard. Il n’y a plus grand chose à se mettre sous la dent. Les naguère verdoyants champs de pucerons ne sont plus, pour la plupart, que des cimetières.</span></p>
<table class=" aligncenter">
<tbody>
<tr>
<td><span style="font-size: 14pt;"><a href="http://arcadia.cuerq.net/wp-content/uploads/2018/06/image008.png"><img decoding="async" loading="lazy" class="aligncenter size-full wp-image-246" src="http://arcadia.cuerq.net/wp-content/uploads/2018/06/image008.png" alt="" width="595" height="826" srcset="https://arcadia.cuerq.net/wp-content/uploads/2018/06/image008.png 595w, https://arcadia.cuerq.net/wp-content/uploads/2018/06/image008-216x300.png 216w" sizes="(max-width: 595px) 100vw, 595px" /></a></span></td>
<td>
<table class=" aligncenter">
<tbody>
<tr>
<td style="border-color: #000000;"><span style="font-size: 14pt;">Chrysope</span></td>
</tr>
</tbody>
</table>
</td>
</tr>
</tbody>
</table>
<p><span style="font-size: 14pt;">Le 30 mai, une larve de coccinelle de seconde génération parcourt encore les feuilles de l’arbre. Mais les seules traces de l’attaque des pucerons sont quelques feuilles tordues, enroulées sur elles-mêmes, et des restes de poussières noires sous les feuilles attaquées, déjà en partie balayées par le vent et la pluie.</span></p>
<p><span style="font-size: 14pt;">Le 31 mai, des fourmis sur une feuille se disputent le corps d’une larve de coccinelle de quatrième génération (peut-être morte de faim ?).</span></p>
<p><span style="font-size: 14pt;"><a href="http://arcadia.cuerq.net/wp-content/uploads/2018/06/image009.png"><img decoding="async" loading="lazy" class="aligncenter size-full wp-image-247" src="http://arcadia.cuerq.net/wp-content/uploads/2018/06/image009.png" alt="" width="809" height="595" srcset="https://arcadia.cuerq.net/wp-content/uploads/2018/06/image009.png 809w, https://arcadia.cuerq.net/wp-content/uploads/2018/06/image009-300x221.png 300w, https://arcadia.cuerq.net/wp-content/uploads/2018/06/image009-768x565.png 768w" sizes="(max-width: 809px) 100vw, 809px" /></a></span></p>
<p><span style="font-size: 14pt;">Vallauris, le 11 juin 2018</span></p>

<p>Attaque de pucerons Je m’occupe depuis plus de quinze ans d’un verger d’agrumes bio, et je crois bien que jamais je n’y avais vu, avant le 2 mai 2018, de pucerons sur les arbres. Des pucerons, on en voit, en grandes quantités, de couleurs diverses donc probablement de variétés diverses, sur d’autres plantes du verger, &hellip; <a href="https://arcadia.cuerq.net/?page_id=223" class="more-link">Continuer la lecture de <span class="screen-reader-text">&#8211; Attaque de pucerons</span>  <span class="meta-nav">&rarr;</span></a></p>
