{"id":178,"date":"2017-12-01T20:23:54","date_gmt":"2017-12-01T19:23:54","guid":{"rendered":"http:\/\/laruche.cuerq.net\/?page_id=178"},"modified":"2017-12-04T12:35:53","modified_gmt":"2017-12-04T11:35:53","slug":"fabulite","status":"publish","type":"page","link":"https:\/\/arcadia.cuerq.net\/?page_id=178","title":{"rendered":"Fabulite"},"content":{"rendered":"<h2 align=\"CENTER\">La villa Fabulite<\/h2>\n<p>Propri\u00e9t\u00e9 situ\u00e9e au Cap d&rsquo;Antibes, o\u00f9 ont habit\u00e9 des grand-parents et arri\u00e8re-grand-parents de Bernadette. Sa grand-m\u00e8re maternelle Gabrielle Antonia Fr\u00e9d\u00e9rica Augusta Saisson est n\u00e9e dans cette maison en 1909. A l&rsquo;\u00e9poque, les terrains du Cap n&rsquo;ont pas du tout bonne r\u00e9putation, et ne sont absolument pas recherch\u00e9s comme aujourd&rsquo;hui. A cause des embruns dus \u00e0 la proximit\u00e9 de la mer, ils ne sont pas adapt\u00e9s \u00e0 l&rsquo;agriculture. Ce sont donc les filles qui h\u00e9ritent de ces propri\u00e9t\u00e9s peu cot\u00e9es.<\/p>\n<p>Auguste, le p\u00e8re de Gabrielle, est marin p\u00eacheur. C&rsquo;est un m\u00e9tier dangereux, malgr\u00e9 la protection de Notre Dame de Bon Port, dont le sanctuaire est tout proche, \u00e0 c\u00f4t\u00e9 du phare de la Garoupe, lui aussi bien utile aux p\u00eacheurs. Le bateau d&rsquo;Auguste est un \u00ab\u00a0pointu\u00a0\u00bb, le petit bateau traditionnel local ; il est amarr\u00e9 tout pr\u00e8s, au port de l&rsquo;Olivette. En d\u00e9cembre 1910, une temp\u00eate met en danger les pointus, qui sont le seul moyen d&rsquo;existence des p\u00eacheurs locaux. Auguste et ses coll\u00e8gues se battent contre les \u00e9l\u00e9ments pour tirer leurs bateaux en s\u00e9curit\u00e9 sur la plage. La mer est vraiment en col\u00e8re, \u00e7a arrive, m\u00eame en M\u00e9diterran\u00e9e. Les bateaux sont ballot\u00e9s comme des f\u00eatus de paille et tr\u00e8s difficiles \u00e0 ma\u00eetriser ; Auguste va se retrouver \u00e9cras\u00e9 par l&rsquo;un d&rsquo;eux, il n&rsquo;y survivra pas.<\/p>\n<p>En 1985, la propri\u00e9t\u00e9 devient h\u00f4tel-restaurant sous le nom de Maryland.<\/p>\n<p>En 1999, changement d&rsquo;exploitant, et changement de nom : la nouvelle SARL Fabulite va exercer, en plus des deux pr\u00e9c\u00e9dentes activit\u00e9s, celle de centre de plong\u00e9e sous-marine.<\/p>\n<p>Le centre de plong\u00e9e cesse ses activit\u00e9s en 2011. La SARL Villa Fabulite, actuelle propri\u00e9taire des locaux, continue d&rsquo;exercer les activit\u00e9s d&rsquo;h\u00f4tel et restaurant.<\/p>\n","protected":false},"excerpt":{"rendered":"<p>La villa Fabulite Propri\u00e9t\u00e9 situ\u00e9e au Cap d&rsquo;Antibes, o\u00f9 ont habit\u00e9 des grand-parents et arri\u00e8re-grand-parents de Bernadette. Sa grand-m\u00e8re maternelle Gabrielle Antonia Fr\u00e9d\u00e9rica Augusta Saisson est n\u00e9e dans cette maison en 1909. A l&rsquo;\u00e9poque, les terrains du Cap n&rsquo;ont pas du tout bonne r\u00e9putation, et ne sont absolument pas recherch\u00e9s comme aujourd&rsquo;hui. A cause des &hellip; <a href=\"https:\/\/arcadia.cuerq.net\/?page_id=178\" class=\"more-link\">Continuer la lecture de <span class=\"screen-reader-text\">Fabulite<\/span>  <span class=\"meta-nav\">&rarr;<\/span><\/a><\/p>\n","protected":false},"author":2,"featured_media":0,"parent":168,"menu_order":0,"comment_status":"closed","ping_status":"closed","template":"","meta":[],"_links":{"self":[{"href":"https:\/\/arcadia.cuerq.net\/index.php?rest_route=\/wp\/v2\/pages\/178"}],"collection":[{"href":"https:\/\/arcadia.cuerq.net\/index.php?rest_route=\/wp\/v2\/pages"}],"about":[{"href":"https:\/\/arcadia.cuerq.net\/index.php?rest_route=\/wp\/v2\/types\/page"}],"author":[{"embeddable":true,"href":"https:\/\/arcadia.cuerq.net\/index.php?rest_route=\/wp\/v2\/users\/2"}],"replies":[{"embeddable":true,"href":"https:\/\/arcadia.cuerq.net\/index.php?rest_route=%2Fwp%2Fv2%2Fcomments&post=178"}],"version-history":[{"count":1,"href":"https:\/\/arcadia.cuerq.net\/index.php?rest_route=\/wp\/v2\/pages\/178\/revisions"}],"predecessor-version":[{"id":180,"href":"https:\/\/arcadia.cuerq.net\/index.php?rest_route=\/wp\/v2\/pages\/178\/revisions\/180"}],"up":[{"embeddable":true,"href":"https:\/\/arcadia.cuerq.net\/index.php?rest_route=\/wp\/v2\/pages\/168"}],"wp:attachment":[{"href":"https:\/\/arcadia.cuerq.net\/index.php?rest_route=%2Fwp%2Fv2%2Fmedia&parent=178"}],"curies":[{"name":"wp","href":"https:\/\/api.w.org\/{rel}","templated":true}]}}