{"id":165,"date":"2017-12-01T20:17:11","date_gmt":"2017-12-01T19:17:11","guid":{"rendered":"http:\/\/laruche.cuerq.net\/?page_id=165"},"modified":"2018-01-02T15:46:21","modified_gmt":"2018-01-02T14:46:21","slug":"confiserie","status":"publish","type":"page","link":"https:\/\/arcadia.cuerq.net\/?page_id=165","title":{"rendered":"&#8211; Cl\u00e9mentines confites"},"content":{"rendered":"<h1 align=\"CENTER\">Cl\u00e9mentines confites<\/h1>\n<p>Choix des cl\u00e9mentines destin\u00e9es \u00e0 la confiserie :<\/p>\n<p>&#8211; Pour la confiserie (et la confiture), encore plus que pour les d\u00e9guster comme fruits frais, il est primordial pour votre sant\u00e9 de choisir des cl\u00e9mentines non trait\u00e9es (ou biologiques) car les agrumes conventionnels sont trait\u00e9s en culture puis pass\u00e9s au bain de cire et de fongicides pour allonger la dur\u00e9e de conservation.<\/p>\n<p>&#8211; La vari\u00e9t\u00e9 n&rsquo;est pas indiff\u00e9rente C&rsquo;est la vari\u00e9t\u00e9 \u00ab\u00a0Corsica\u00a0\u00bb qui semble la mieux adapt\u00e9e pour cet usage. Pour plusieurs raisons :<\/p>\n<p>* Ses cl\u00e9mentines sont de petite taille, et en principe en nombre important.<\/p>\n<p>* Leur aspect (couleur, forme) est assez r\u00e9gulier et homog\u00e8ne, plut\u00f4t arrondi.<\/p>\n<p>* Leur peau est plus mince que la moyenne des autres vari\u00e9t\u00e9s (ce qui est par ailleurs un handicap, car vu qu&rsquo;elle est h\u00e2tive, c&rsquo;est la vari\u00e9t\u00e9 \u00e0 laquelle la mouche fait le plus de d\u00e9g\u00e2ts).<\/p>\n<p>* Elles ont d&rsquo;habitude peu de p\u00e9pins, ce qui tient d&rsquo;ailleurs plus \u00e0 leur position dans le verger qu&rsquo;\u00e0 leurs qualit\u00e9s intrins\u00e8ques (voir, ou revoir, article \u00ab\u00a0cl\u00e9mentines et p\u00e9pins\u00a0\u00bb).<\/p>\n<p>&#8211; Choisir des fruits juste m\u00fbrs et bien fermes.<\/p>\n<p>&#8211; Selon un site internet &#8211; corse ? ;^)) &#8211; pr\u00e9f\u00e9rer les cl\u00e9mentines de Corse avec leurs feuilles, qui viennent juste d&rsquo;\u00eatre cueillies.<\/p>\n<p>&#8211; Autant que faire se peut, les cl\u00e9mentines destin\u00e9es \u00e0 la confiserie ne doivent pas pr\u00e9senter de d\u00e9fauts d&rsquo;aspect susceptibles de se trouver visibles sur le \u00ab\u00a0produit fini\u00a0\u00bb. Question \u00e0 prendre en compte au moment du tri indispensable pour le calibrage.<\/p>\n<p>Choix de la taille :<\/p>\n<p>En r\u00e8gle g\u00e9n\u00e9rale, plus les fruits sont petits, plus ils se confisent facilement et rapidement. Pr\u00e9f\u00e9rer donc les toutes petites cl\u00e9mentines de calibre 8 (39-46 mm) \u00e0 9 (37-44 mm) (aussi appel\u00e9es cl\u00e9mentines billes). Les gros fruits sont \u00e0 \u00e9viter.<\/p>\n<p>Autres :<\/p>\n<p>Vin d&rsquo;accompagnement conseill\u00e9 : Beaujolais (blanc, rouge).<\/p>\n<p>La recette d&rsquo;Anne-Laure (test\u00e9e avec succ\u00e8s depuis plusieurs ann\u00e9es):<\/p>\n<p>1 Laver les fruits, les piquer plusieurs fois avec une fourchette &#8211; Les couvrir d&rsquo;eau et les cuire pendant 15 minutes \u00e0 petite \u00e9bullition.<\/p>\n<p>Egoutter les fruits en recueillant le jus de cuisson.<\/p>\n<p>2 Mettre les fruits dans un r\u00e9cipient suffisamment grand.<\/p>\n<p>Mesurer le jus de cuisson et ajouter 500 gr de sucre cristal et 200 gr de sirop de glucose par litre de jus de cuisson recueilli.<\/p>\n<p>Bouillir ce sirop et arr\u00eater la cuisson aux premiers bouillons.<\/p>\n<p>3 Verser ce sirop bouillant sur les cl\u00e9mentines et poser une assiette sur les cl\u00e9mentines (sinon elles risquent de remonter vers la surface).<\/p>\n<p>Laisser reposer 2 jours.<\/p>\n<p>4 Le surlendemain (J+2): retirer le sirop, lui ajouter 100 gr de sucre, porter \u00e0 \u00e9bullition et reverser bouillant sur les cl\u00e9mentines.<\/p>\n<p>Laisser reposer 2 jours \u00e0 nouveau.<\/p>\n<p>5J+4, j+6, J+8, j+10, j+12 recommencer exactement la m\u00eame op\u00e9ration en ajoutant \u00e0 chaque fois 100 g de sucre suppl\u00e9mentaire.<\/p>\n<p>6J+14 : mettre les cl\u00e9mentines dans un bocal et couvrir de sirop &#8211; Conserver jusqu&rsquo;\u00e0 utilisation.<\/p>\n<p>Ces cl\u00e9mentines peuvent \u00eatre \u00e9ventuellement glac\u00e9es, dans ce cas les \u00e9goutter pendant 24 heures, m\u00e9langer un peu de sucre glace au sirop de confisage, plonger les cl\u00e9mentines dans ce sirop, passer au four quelques minutes pour s\u00e9cher le gla\u00e7age.<\/p>\n<p>On peut aussi s\u00e9cher les fruits 4 heures au four (th 1) porte entr&rsquo;ouverte.<\/p>\n<p>NB, selon divers sites internet :<\/p>\n<p>Le dernier jour, la cl\u00e9mentine devrait \u00eatre confite, en \u00e9vider une pour v\u00e9rifier. Si la cl\u00e9mentine n&rsquo;est pas confite en son centre, recommencer l&rsquo;op\u00e9ration encore un jour ou deux.<\/p>\n<p>Verser dans les bocaux d\u00e9licatement, s&rsquo;assurer que tous les fruits sont couverts de jus et fermer une fois refroidis.<\/p>\n<p>Conserver \u00e0 l&rsquo;abri de la lumi\u00e8re et au frais (cave par exemple, pas r\u00e9frig\u00e9rateur).<\/p>\n<p>Les cl\u00e9mentines confites peuvent \u00eatre consomm\u00e9es d\u00e8s trois mois (mais il peut \u00eatre dur de r\u00e9sister jusque l\u00e0\u2026), mais elles sont meilleures d&rsquo;une ann\u00e9e sur une autre. Par ailleurs, un producteur assure que ses produits se conservent trois ans.<\/p>\n<p>Divers :<\/p>\n<p>On trouve sur internet plusieurs recettes de cl\u00e9mentines confites ; certaines ajoutent du rhum ou autre alcool. Autres ingr\u00e9dients glan\u00e9s \u00e7a et l\u00e0 : gingembre, romarin.<\/p>\n<p>Il est possible de confire des mandarines ; leurs nombreux p\u00e9pins constituent sans doute un handicap, mais leur parfum est incomparable.<\/p>\n","protected":false},"excerpt":{"rendered":"<p>Cl\u00e9mentines confites Choix des cl\u00e9mentines destin\u00e9es \u00e0 la confiserie : &#8211; Pour la confiserie (et la confiture), encore plus que pour les d\u00e9guster comme fruits frais, il est primordial pour votre sant\u00e9 de choisir des cl\u00e9mentines non trait\u00e9es (ou biologiques) car les agrumes conventionnels sont trait\u00e9s en culture puis pass\u00e9s au bain de cire et &hellip; <a href=\"https:\/\/arcadia.cuerq.net\/?page_id=165\" class=\"more-link\">Continuer la lecture de <span class=\"screen-reader-text\">&#8211; Cl\u00e9mentines confites<\/span>  <span class=\"meta-nav\">&rarr;<\/span><\/a><\/p>\n","protected":false},"author":2,"featured_media":0,"parent":0,"menu_order":0,"comment_status":"closed","ping_status":"closed","template":"","meta":[],"_links":{"self":[{"href":"https:\/\/arcadia.cuerq.net\/index.php?rest_route=\/wp\/v2\/pages\/165"}],"collection":[{"href":"https:\/\/arcadia.cuerq.net\/index.php?rest_route=\/wp\/v2\/pages"}],"about":[{"href":"https:\/\/arcadia.cuerq.net\/index.php?rest_route=\/wp\/v2\/types\/page"}],"author":[{"embeddable":true,"href":"https:\/\/arcadia.cuerq.net\/index.php?rest_route=\/wp\/v2\/users\/2"}],"replies":[{"embeddable":true,"href":"https:\/\/arcadia.cuerq.net\/index.php?rest_route=%2Fwp%2Fv2%2Fcomments&post=165"}],"version-history":[{"count":2,"href":"https:\/\/arcadia.cuerq.net\/index.php?rest_route=\/wp\/v2\/pages\/165\/revisions"}],"predecessor-version":[{"id":203,"href":"https:\/\/arcadia.cuerq.net\/index.php?rest_route=\/wp\/v2\/pages\/165\/revisions\/203"}],"wp:attachment":[{"href":"https:\/\/arcadia.cuerq.net\/index.php?rest_route=%2Fwp%2Fv2%2Fmedia&parent=165"}],"curies":[{"name":"wp","href":"https:\/\/api.w.org\/{rel}","templated":true}]}}