{"id":156,"date":"2017-12-01T20:11:54","date_gmt":"2017-12-01T19:11:54","guid":{"rendered":"http:\/\/laruche.cuerq.net\/?page_id=156"},"modified":"2018-01-02T15:47:04","modified_gmt":"2018-01-02T14:47:04","slug":"ateliers","status":"publish","type":"page","link":"https:\/\/arcadia.cuerq.net\/?page_id=156","title":{"rendered":"&#8211; De la terre \u00e0 l&rsquo;assiette : actions de sensibilisation"},"content":{"rendered":"<p><img decoding=\"async\" loading=\"lazy\" src=\"http:\/\/arcadia.cuerq.net\/images\/Delaterrealassiette.gif\" width=\"113\" height=\"84\" name=\"images2\" align=\"LEFT\" border=\"0\" \/><br clear=\"LEFT\" \/>Intervenante: CUERQ Bernadette<\/p>\n<p>agricultrice<\/p>\n<p>professeur des \u00e9coles pendant 22 ans<\/p>\n<p>449 ch. des Bas Brusquets<\/p>\n<p>06 220 Vallauris<\/p>\n<p>mel :\u00a0<a href=\"mailto:bernadette@cuerq.net\">bernadette@cuerq.net<\/a><\/p>\n<p>tel : 06 52 54 96 83<\/p>\n<p align=\"CENTER\"><span style=\"font-size: large;\"><b>DE LA TERRE A L&rsquo;ASSIETTE<\/b><\/span><\/p>\n<p><span style=\"font-size: large;\"><i>Sensibilisation, approche et d\u00e9couverte de la nature et de ses \u00e9cosyst\u00e8mes par la cr\u00e9ation de jardins pour encourager la curiosit\u00e9 des enfants,int\u00e9grer les notions du vivant, s&rsquo;approprier cet environnement pour mieux le respecter, d\u00e9couvrir ou red\u00e9couvrir les fruits et l\u00e9gumes de qualit\u00e9 et de saison, prendre conscience de l&rsquo;influence des choix alimentaires sur la sant\u00e9 , adopter un comportement de citoyennet\u00e9.<\/i><\/span><\/p>\n<p align=\"LEFT\"><span style=\"color: #000000;\"><span style=\"font-family: 'Wide Latin', serif;\"><b>CREATION DE JARDIN<\/b><\/span><\/span><\/p>\n<p>Les ateliers\u00a0<b>jardin<\/b>\u00a0vont permettre \u00e0 l&rsquo;enfant de s&rsquo;investir dans diff\u00e9rents domaines:<\/p>\n<ul>\n<li style=\"list-style-type: none;\">\n<ul>\n<li>comportementaux<\/li>\n<li>m\u00e9thodologiques<\/li>\n<li>cognitifs<\/li>\n<\/ul>\n<\/li>\n<\/ul>\n<p><u>comportementaux<\/u><\/p>\n<p>L&rsquo;enfant va se responsabiliser en devenant acteur de son environnement. Il appr\u00e9hendera mieux ses actions et leurs effets sur le milieu. Le sens du concept\u00ab\u00a0d\u00e9veloppement durable\u00a0\u00bb deviendra plus r\u00e9el pour les plus grands.<\/p>\n<p><u>m\u00e9thodologiques<\/u><\/p>\n<p>Les approches sensorielles (toucher, odorat, go\u00fbt, ou\u00efe, vue) peuvent \u00eatre le d\u00e9part de nombreuses activit\u00e9s notamment pour les plus jeunes enfants. Il va construire sa propre exp\u00e9rience.<\/p>\n<p>L&rsquo;enfant apprendra \u00e0 utiliser des outils, , \u00e0 trouver le geste pour telle ou telle activit\u00e9, \u00e0 exp\u00e9rimenter des techniques, \u00e0 s&rsquo;exprimer en utilisant un vocabulaire pr\u00e9cis, mais aussi en communiquant ses sensations par le jeu de la parole ou des arts plastiques.<\/p>\n<p><u>cognitifs<\/u><\/p>\n<p>L&rsquo;\u00e9ducation scientifique trouve ici un terrain de pr\u00e9dilection pour observer,manipuler, exp\u00e9rimenter, mesurer, dessiner, formuler des hypoth\u00e8ses,&#8230;<\/p>\n<p>Le jardinage permet d&rsquo;acc\u00e9der aux notions de cycles de la nature, de leur pr\u00e9servation et ainsi d&rsquo;adopter un comportement d&rsquo;\u00e9cocitoyen.<\/p>\n<p>On respecte et prot\u00e8ge que ce qu&rsquo;on conna\u00eet bien.<\/p>\n<p>Ces ateliers seront effectu\u00e9s sur plusieurs s\u00e9ances sur une dur\u00e9e \u00e0 d\u00e9terminer entre les participants.<\/p>\n<p>nombre d&rsquo;enfants par atelier :<\/p>\n<p>primaire: 10 enfants par adulte<\/p>\n<p>maternelle: 6 \u00e0 8 enfants par adulte<\/p>\n<p>petite enfance: 3 \u00e0 4 enfants par adulte<\/p>\n<p>tarif: 40 euros l&rsquo;heure<\/p>\n<p><span style=\"color: #000000;\"><u>Pour tous \u00e2ges<\/u><\/span><\/p>\n<p><i>Les activit\u00e9s seront orient\u00e9es en fonction de la demande des participants.<\/i><\/p>\n<p align=\"LEFT\"><span style=\"color: #000000;\">mise en place de jardins : potager, verger, des 5 sens, ornemental, etc.<\/span><\/p>\n<p align=\"LEFT\"><span style=\"color: #000000;\">visite de jardin, de milieu naturel<\/span><\/p>\n<p align=\"LEFT\"><span style=\"color: #000000;\">les besoins d&rsquo;une plante<\/span><\/p>\n<p align=\"LEFT\"><span style=\"color: #000000;\">d\u00e9couvrir les notions de cycles de la nature<\/span><\/p>\n<p align=\"LEFT\"><span style=\"color: #000000;\">d\u00e9couverte de la vie dans le sol<\/span><\/p>\n<p align=\"LEFT\"><span style=\"color: #000000;\">cr\u00e9ation de compost<\/span><\/p>\n<p align=\"LEFT\"><span style=\"color: #000000;\">connaissance de la biodiversit\u00e9 dans un milieu<\/span><\/p>\n<p align=\"LEFT\"><span style=\"color: #000000;\">conna\u00eetre l&rsquo;interaction plantes, insectes<\/span><\/p>\n<p align=\"LEFT\"><span style=\"color: #000000;\">suivi des cultures<\/span><\/p>\n<p align=\"LEFT\"><span style=\"color: #000000;\">les diff\u00e9rents modes de reproduction des plantes<\/span><\/p>\n<p align=\"LEFT\"><span style=\"color: #000000;\">les graines et la germination<\/span><\/p>\n<p align=\"LEFT\"><span style=\"color: #000000;\">valorisation de la r\u00e9alisation du projet par les r\u00e9coltes<\/span><\/p>\n<p align=\"LEFT\"><span style=\"color: #000000;\">d\u00e9gustation des l\u00e9gumes et fruits du jardin<\/span><\/p>\n<p>La liste n&rsquo;est pas exhaustive et toutes les d\u00e9couvertes peuvent \u00eatre l&rsquo;occasion d&rsquo;une nouvelle activit\u00e9 \u00e0 mettre en \u0153uvre.<\/p>\n<p><span style=\"color: #000000;\"><span style=\"font-family: 'Wide Latin', serif;\"><b>ALIMENTATION DE SAISON ET BIOLOGIQUE<\/b><\/span><\/span><\/p>\n<p align=\"LEFT\"><span style=\"font-size: medium;\"><b>Constat<\/b><\/span><\/p>\n<p align=\"LEFT\">* multiplicit\u00e9 des probl\u00e8mes de sant\u00e9 li\u00e9s :<\/p>\n<p align=\"LEFT\">&#8211; \u00e0 une mauvaise hygi\u00e8ne alimentaire (ob\u00e9sit\u00e9, m\u00e9connaissance des apports alimentaires \u00e9quilibr\u00e9s,&#8230;)<\/p>\n<p align=\"LEFT\">&#8211; \u00e0 l&#8217;emploi de produits chimiques pour la production, la conservation et la transformation des aliments<\/p>\n<p align=\"LEFT\">* augmentation des scandales agroalimentaires<\/p>\n<p align=\"LEFT\"><i>Se nourrir: un enjeu personnel et environnemental<\/i><\/p>\n<p align=\"LEFT\">Faire \u00e9merger de nouveaux comportements alimentaires<\/p>\n<p align=\"LEFT\">Sensibiliser, informer les enfants sur le choix de produits sains par le biais de connaissances li\u00e9es au d\u00e9veloppement durable : agriculture biologique.<\/p>\n<p align=\"LEFT\">\u00c9veiller leur sens de la responsabilit\u00e9 personnelle et collective face \u00e0 leur acte d&rsquo;achat : devenir un consom&rsquo;acteur<\/p>\n<p align=\"LEFT\">\u00c9changer, d\u00e9battre, \u00e9mettre des id\u00e9es, prendre en compte les points de vue des autres, respecter l&rsquo;autre et les r\u00e8gles de vie commune<\/p>\n<p align=\"LEFT\"><span style=\"color: #000000;\"><b>ATELIERS CYCLE 2et 3<\/b><\/span><\/p>\n<p align=\"LEFT\"><span style=\"color: #000000;\"><b>Enjeu personnel : \u00c9quilibre<\/b>\u00a0alimentaire<\/span><\/p>\n<p align=\"LEFT\"><span style=\"color: #000000;\"><u>Atelier 1<\/u>.\u00a0<i><b>d\u00e9couverte ludique des<\/b><\/i>\u00a0<i><b>aliments et leurs apports<\/b><\/i><\/span><\/p>\n<p align=\"LEFT\">jeux<\/p>\n<p align=\"LEFT\">tri d&rsquo;aliments ou d&rsquo; emballages d&rsquo;aliments pour cr\u00e9er une premi\u00e8re \u00e9bauche de classement<\/p>\n<p align=\"LEFT\">retrouver le v\u00e9g\u00e9tal qui a permis de produire cet aliment : pain-bl\u00e9; fromage-lait,&#8230;<\/p>\n<p align=\"LEFT\">apports de chaque cat\u00e9gorie d&rsquo;aliments et leur classement<\/p>\n<p align=\"LEFT\">pr\u00e9sentation d&rsquo;\u00e9tiquettes de label bio<\/p>\n<p align=\"LEFT\">constituer un panier \u00e9quilibr\u00e9 avec l&rsquo;aide des emballages et\/ou d&rsquo;aliments<\/p>\n<p align=\"LEFT\"><span style=\"color: #000000;\"><u>Atelier 2<\/u>.<i><b>approche de la connaissance<\/b><\/i>\u00a0<i><b>des cycles de production des aliments protecteurs de notre pays<\/b><\/i><\/span><\/p>\n<p align=\"LEFT\">jeu de cartes de fruits et l\u00e9gumes de climat temp\u00e9r\u00e9 \u00e0 classer sur la chronologie des saisons<\/p>\n<p align=\"LEFT\">insertion de cartes de fruits ou l\u00e9gumes de pays tropicaux pour sensibiliser \u00e0 l&rsquo;impact des transports et\/ou du hors saison (serres chauff\u00e9es) sur l&rsquo;environnement.<\/p>\n<p align=\"LEFT\">Fiche jeu<\/p>\n<p align=\"LEFT\"><i>Reconna\u00eetre les parties consomm\u00e9es du v\u00e9g\u00e9tal<\/i><\/p>\n<p align=\"LEFT\">A l&rsquo;aide d&rsquo;une grande affiche \u00ab\u00a0plante\u00a0\u00bb, placer les l\u00e9gumes dans la bonne partie du v\u00e9g\u00e9tal.<\/p>\n<p align=\"LEFT\"><span style=\"color: #000000;\"><b>ATELIER CYCLE 3<\/b><\/span><\/p>\n<p align=\"LEFT\"><span style=\"color: #000000;\"><b>Enjeu environnemental<\/b><\/span><\/p>\n<p align=\"LEFT\">Sensibilisation \u00e0 l&rsquo;impact \u00e9cologique de toute production<\/p>\n<p align=\"LEFT\"><span style=\"color: #000000;\"><b>Atelier 3<\/b>:\u00a0<i><b>devenir consom&rsquo;acteur<\/b><\/i><\/span><\/p>\n<p align=\"LEFT\"><span style=\"color: #000000;\"><i>discussion, d\u00e9bat avec les \u00e9l\u00e8ves \u00e0 l&rsquo;aide de<\/i><\/span><\/p>\n<p align=\"LEFT\">vid\u00e9oprojections ou affiches des diff\u00e9rentes pratiques culturales : traditionnelle, conventionnelle, biologique<\/p>\n<p align=\"LEFT\">D\u00e9couverte de diff\u00e9rents labels bio<\/p>\n<p align=\"LEFT\">Vid\u00e9oprojections ou affiches : notion de cha\u00eene alimentaire, cycle de la mati\u00e8re<\/p>\n<p align=\"LEFT\">Retrouver la provenance, les ingr\u00e9dients d&rsquo;un plat par la lecture d&rsquo;\u00e9tiquettes pour appr\u00e9hender tous les maillons de sa fabrication et son impact \u00e9cologique<\/p>\n<p align=\"LEFT\">sensibilisation \u00e0 une \u00e9thique du commerce<\/p>\n<p align=\"LEFT\">jeux<\/p>\n<p align=\"LEFT\">quizz<\/p>\n<p align=\"LEFT\"><img decoding=\"async\" loading=\"lazy\" src=\"http:\/\/arcadia.cuerq.net\/images\/Delaterrealassiette.gif\" width=\"113\" height=\"84\" name=\"images1\" align=\"LEFT\" border=\"0\" \/><\/p>\n","protected":false},"excerpt":{"rendered":"<p>Intervenante: CUERQ Bernadette agricultrice professeur des \u00e9coles pendant 22 ans 449 ch. des Bas Brusquets 06 220 Vallauris mel :\u00a0bernadette@cuerq.net tel : 06 52 54 96 83 DE LA TERRE A L&rsquo;ASSIETTE Sensibilisation, approche et d\u00e9couverte de la nature et de ses \u00e9cosyst\u00e8mes par la cr\u00e9ation de jardins pour encourager la curiosit\u00e9 des enfants,int\u00e9grer les &hellip; <a href=\"https:\/\/arcadia.cuerq.net\/?page_id=156\" class=\"more-link\">Continuer la lecture de <span class=\"screen-reader-text\">&#8211; De la terre \u00e0 l&rsquo;assiette : actions de sensibilisation<\/span>  <span class=\"meta-nav\">&rarr;<\/span><\/a><\/p>\n","protected":false},"author":2,"featured_media":0,"parent":0,"menu_order":0,"comment_status":"closed","ping_status":"closed","template":"","meta":[],"_links":{"self":[{"href":"https:\/\/arcadia.cuerq.net\/index.php?rest_route=\/wp\/v2\/pages\/156"}],"collection":[{"href":"https:\/\/arcadia.cuerq.net\/index.php?rest_route=\/wp\/v2\/pages"}],"about":[{"href":"https:\/\/arcadia.cuerq.net\/index.php?rest_route=\/wp\/v2\/types\/page"}],"author":[{"embeddable":true,"href":"https:\/\/arcadia.cuerq.net\/index.php?rest_route=\/wp\/v2\/users\/2"}],"replies":[{"embeddable":true,"href":"https:\/\/arcadia.cuerq.net\/index.php?rest_route=%2Fwp%2Fv2%2Fcomments&post=156"}],"version-history":[{"count":2,"href":"https:\/\/arcadia.cuerq.net\/index.php?rest_route=\/wp\/v2\/pages\/156\/revisions"}],"predecessor-version":[{"id":204,"href":"https:\/\/arcadia.cuerq.net\/index.php?rest_route=\/wp\/v2\/pages\/156\/revisions\/204"}],"wp:attachment":[{"href":"https:\/\/arcadia.cuerq.net\/index.php?rest_route=%2Fwp%2Fv2%2Fmedia&parent=156"}],"curies":[{"name":"wp","href":"https:\/\/api.w.org\/{rel}","templated":true}]}}

&#8211; De la terre à l&rsquo;assiette : actions de sensibilisation

<p><img decoding="async" loading="lazy" src="http://arcadia.cuerq.net/images/Delaterrealassiette.gif" width="113" height="84" name="images2" align="LEFT" border="0" /><br clear="LEFT" />Intervenante: CUERQ Bernadette</p>
<p>agricultrice</p>
<p>professeur des écoles pendant 22 ans</p>
<p>449 ch. des Bas Brusquets</p>
<p>06 220 Vallauris</p>
<p>mel : <a href="mailto:bernadette@cuerq.net">bernadette@cuerq.net</a></p>
<p>tel : 06 52 54 96 83</p>
<p align="CENTER"><span style="font-size: large;"><b>DE LA TERRE A L&rsquo;ASSIETTE</b></span></p>
<p><span style="font-size: large;"><i>Sensibilisation, approche et découverte de la nature et de ses écosystèmes par la création de jardins pour encourager la curiosité des enfants,intégrer les notions du vivant, s&rsquo;approprier cet environnement pour mieux le respecter, découvrir ou redécouvrir les fruits et légumes de qualité et de saison, prendre conscience de l&rsquo;influence des choix alimentaires sur la santé , adopter un comportement de citoyenneté.</i></span></p>
<p align="LEFT"><span style="color: #000000;"><span style="font-family: 'Wide Latin', serif;"><b>CREATION DE JARDIN</b></span></span></p>
<p>Les ateliers <b>jardin</b> vont permettre à l&rsquo;enfant de s&rsquo;investir dans différents domaines:</p>
<ul>
<li style="list-style-type: none;">
<ul>
<li>comportementaux</li>
<li>méthodologiques</li>
<li>cognitifs</li>
</ul>
</li>
</ul>
<p><u>comportementaux</u></p>
<p>L&rsquo;enfant va se responsabiliser en devenant acteur de son environnement. Il appréhendera mieux ses actions et leurs effets sur le milieu. Le sens du concept« développement durable » deviendra plus réel pour les plus grands.</p>
<p><u>méthodologiques</u></p>
<p>Les approches sensorielles (toucher, odorat, goût, ouïe, vue) peuvent être le départ de nombreuses activités notamment pour les plus jeunes enfants. Il va construire sa propre expérience.</p>
<p>L&rsquo;enfant apprendra à utiliser des outils, , à trouver le geste pour telle ou telle activité, à expérimenter des techniques, à s&rsquo;exprimer en utilisant un vocabulaire précis, mais aussi en communiquant ses sensations par le jeu de la parole ou des arts plastiques.</p>
<p><u>cognitifs</u></p>
<p>L&rsquo;éducation scientifique trouve ici un terrain de prédilection pour observer,manipuler, expérimenter, mesurer, dessiner, formuler des hypothèses,&#8230;</p>
<p>Le jardinage permet d&rsquo;accéder aux notions de cycles de la nature, de leur préservation et ainsi d&rsquo;adopter un comportement d&rsquo;écocitoyen.</p>
<p>On respecte et protège que ce qu&rsquo;on connaît bien.</p>
<p>Ces ateliers seront effectués sur plusieurs séances sur une durée à déterminer entre les participants.</p>
<p>nombre d&rsquo;enfants par atelier :</p>
<p>primaire: 10 enfants par adulte</p>
<p>maternelle: 6 à 8 enfants par adulte</p>
<p>petite enfance: 3 à 4 enfants par adulte</p>
<p>tarif: 40 euros l&rsquo;heure</p>
<p><span style="color: #000000;"><u>Pour tous âges</u></span></p>
<p><i>Les activités seront orientées en fonction de la demande des participants.</i></p>
<p align="LEFT"><span style="color: #000000;">mise en place de jardins : potager, verger, des 5 sens, ornemental, etc.</span></p>
<p align="LEFT"><span style="color: #000000;">visite de jardin, de milieu naturel</span></p>
<p align="LEFT"><span style="color: #000000;">les besoins d&rsquo;une plante</span></p>
<p align="LEFT"><span style="color: #000000;">découvrir les notions de cycles de la nature</span></p>
<p align="LEFT"><span style="color: #000000;">découverte de la vie dans le sol</span></p>
<p align="LEFT"><span style="color: #000000;">création de compost</span></p>
<p align="LEFT"><span style="color: #000000;">connaissance de la biodiversité dans un milieu</span></p>
<p align="LEFT"><span style="color: #000000;">connaître l&rsquo;interaction plantes, insectes</span></p>
<p align="LEFT"><span style="color: #000000;">suivi des cultures</span></p>
<p align="LEFT"><span style="color: #000000;">les différents modes de reproduction des plantes</span></p>
<p align="LEFT"><span style="color: #000000;">les graines et la germination</span></p>
<p align="LEFT"><span style="color: #000000;">valorisation de la réalisation du projet par les récoltes</span></p>
<p align="LEFT"><span style="color: #000000;">dégustation des légumes et fruits du jardin</span></p>
<p>La liste n&rsquo;est pas exhaustive et toutes les découvertes peuvent être l&rsquo;occasion d&rsquo;une nouvelle activité à mettre en œuvre.</p>
<p><span style="color: #000000;"><span style="font-family: 'Wide Latin', serif;"><b>ALIMENTATION DE SAISON ET BIOLOGIQUE</b></span></span></p>
<p align="LEFT"><span style="font-size: medium;"><b>Constat</b></span></p>
<p align="LEFT">* multiplicité des problèmes de santé liés :</p>
<p align="LEFT">&#8211; à une mauvaise hygiène alimentaire (obésité, méconnaissance des apports alimentaires équilibrés,&#8230;)</p>
<p align="LEFT">&#8211; à l&#8217;emploi de produits chimiques pour la production, la conservation et la transformation des aliments</p>
<p align="LEFT">* augmentation des scandales agroalimentaires</p>
<p align="LEFT"><i>Se nourrir: un enjeu personnel et environnemental</i></p>
<p align="LEFT">Faire émerger de nouveaux comportements alimentaires</p>
<p align="LEFT">Sensibiliser, informer les enfants sur le choix de produits sains par le biais de connaissances liées au développement durable : agriculture biologique.</p>
<p align="LEFT">Éveiller leur sens de la responsabilité personnelle et collective face à leur acte d&rsquo;achat : devenir un consom&rsquo;acteur</p>
<p align="LEFT">Échanger, débattre, émettre des idées, prendre en compte les points de vue des autres, respecter l&rsquo;autre et les règles de vie commune</p>
<p align="LEFT"><span style="color: #000000;"><b>ATELIERS CYCLE 2et 3</b></span></p>
<p align="LEFT"><span style="color: #000000;"><b>Enjeu personnel : Équilibre</b> alimentaire</span></p>
<p align="LEFT"><span style="color: #000000;"><u>Atelier 1</u>. <i><b>découverte ludique des</b></i> <i><b>aliments et leurs apports</b></i></span></p>
<p align="LEFT">jeux</p>
<p align="LEFT">tri d&rsquo;aliments ou d&rsquo; emballages d&rsquo;aliments pour créer une première ébauche de classement</p>
<p align="LEFT">retrouver le végétal qui a permis de produire cet aliment : pain-blé; fromage-lait,&#8230;</p>
<p align="LEFT">apports de chaque catégorie d&rsquo;aliments et leur classement</p>
<p align="LEFT">présentation d&rsquo;étiquettes de label bio</p>
<p align="LEFT">constituer un panier équilibré avec l&rsquo;aide des emballages et/ou d&rsquo;aliments</p>
<p align="LEFT"><span style="color: #000000;"><u>Atelier 2</u>.<i><b>approche de la connaissance</b></i> <i><b>des cycles de production des aliments protecteurs de notre pays</b></i></span></p>
<p align="LEFT">jeu de cartes de fruits et légumes de climat tempéré à classer sur la chronologie des saisons</p>
<p align="LEFT">insertion de cartes de fruits ou légumes de pays tropicaux pour sensibiliser à l&rsquo;impact des transports et/ou du hors saison (serres chauffées) sur l&rsquo;environnement.</p>
<p align="LEFT">Fiche jeu</p>
<p align="LEFT"><i>Reconnaître les parties consommées du végétal</i></p>
<p align="LEFT">A l&rsquo;aide d&rsquo;une grande affiche « plante », placer les légumes dans la bonne partie du végétal.</p>
<p align="LEFT"><span style="color: #000000;"><b>ATELIER CYCLE 3</b></span></p>
<p align="LEFT"><span style="color: #000000;"><b>Enjeu environnemental</b></span></p>
<p align="LEFT">Sensibilisation à l&rsquo;impact écologique de toute production</p>
<p align="LEFT"><span style="color: #000000;"><b>Atelier 3</b>: <i><b>devenir consom&rsquo;acteur</b></i></span></p>
<p align="LEFT"><span style="color: #000000;"><i>discussion, débat avec les élèves à l&rsquo;aide de</i></span></p>
<p align="LEFT">vidéoprojections ou affiches des différentes pratiques culturales : traditionnelle, conventionnelle, biologique</p>
<p align="LEFT">Découverte de différents labels bio</p>
<p align="LEFT">Vidéoprojections ou affiches : notion de chaîne alimentaire, cycle de la matière</p>
<p align="LEFT">Retrouver la provenance, les ingrédients d&rsquo;un plat par la lecture d&rsquo;étiquettes pour appréhender tous les maillons de sa fabrication et son impact écologique</p>
<p align="LEFT">sensibilisation à une éthique du commerce</p>
<p align="LEFT">jeux</p>
<p align="LEFT">quizz</p>
<p align="LEFT"><img decoding="async" loading="lazy" src="http://arcadia.cuerq.net/images/Delaterrealassiette.gif" width="113" height="84" name="images1" align="LEFT" border="0" /></p>

<p>Intervenante: CUERQ Bernadette agricultrice professeur des écoles pendant 22 ans 449 ch. des Bas Brusquets 06 220 Vallauris mel : bernadette@cuerq.net tel : 06 52 54 96 83 DE LA TERRE A L&rsquo;ASSIETTE Sensibilisation, approche et découverte de la nature et de ses écosystèmes par la création de jardins pour encourager la curiosité des enfants,intégrer les &hellip; <a href="https://arcadia.cuerq.net/?page_id=156" class="more-link">Continuer la lecture de <span class="screen-reader-text">&#8211; De la terre à l&rsquo;assiette : actions de sensibilisation</span>  <span class="meta-nav">&rarr;</span></a></p>
