{"id":168,"date":"2017-12-01T20:18:47","date_gmt":"2017-12-01T19:18:47","guid":{"rendered":"http:\/\/laruche.cuerq.net\/?page_id=168"},"modified":"2018-01-02T15:51:23","modified_gmt":"2018-01-02T14:51:23","slug":"liens","status":"publish","type":"page","link":"https:\/\/arcadia.cuerq.net\/?page_id=168","title":{"rendered":"&#8211; Liens"},"content":{"rendered":"<h2 align=\"center\">Liens en relation, de pr\u00e8s ou de loin, avec le verger<\/h2>\n<p>Alliance Provence<\/p>\n<p>Organe f\u00e9d\u00e9rateur des AMAP (Association pour le Maintien d&rsquo;une Agriculture Paysanne)<\/p>\n<p><a href=\"http:\/\/allianceprovence.org\/spip.php?rubrique20\">http:\/\/allianceprovence.org\/spip.php?rubrique20<\/a><\/p>\n<p>&nbsp;<\/p>\n<p>AMAP D\u00e9sir de Bio \u00e0 Valbonne (06)<\/p>\n<p><a href=\"http:\/\/fr.groups.yahoo.com\/group\/AMAP_Valbonne\/\">http:\/\/fr.groups.yahoo.com\/group\/AMAP_Valbonne\/<\/a><\/p>\n<p>&nbsp;<\/p>\n<p>AMAP du Loup \u00e0 Villeneuve-Loubet (06)<\/p>\n<p><a href=\"http:\/\/amap.nanotechinformatique.com\/infos.html\">http:\/\/amap.nanotechinformatique.com\/infos.html<\/a><\/p>\n<p>&nbsp;<\/p>\n<p>AMAP Esprit de la Terre \u00e0 Valbonne (06)<\/p>\n<p><a href=\"http:\/\/espritdelaterre.free.fr\/spip.php?rubrique2\">http:\/\/espritdelaterre.free.fr\/spip.php?rubrique2<\/a><\/p>\n<p>&nbsp;<\/p>\n<p>AMAP La Manne Bio \u00e0 Plascassier (06)<\/p>\n<p><i>pour m\u00e9moire<\/i><\/p>\n<p>&nbsp;<\/p>\n<p>MCE<\/p>\n<p>Mouansoise de Commerce Equitable \u00e0 Mouans-Sartoux (06)<\/p>\n<p>Actions de formation sur le terrain ; \u00e9ducation \u00e0 la consommation responsable, afin de redonner du sens \u00e0 sa consommation, bref de devenir des consomm&rsquo;acteurs<\/p>\n<p>Vente de produits du Commerce Equitable<\/p>\n<p><a href=\"http:\/\/mouansoise.dynip.com\/decouverte\/decouverte.php\">http:\/\/mouansoise.dynip.com\/decouverte\/decouverte.php<\/a><\/p>\n<p>&nbsp;<\/p>\n<p>Civam apicole 06<\/p>\n<p><i>pour m\u00e9moire<\/i><\/p>\n<p>&nbsp;<\/p>\n<p>Kokopelli<\/p>\n<p>Association de d\u00e9fense de la biodiversit\u00e9<\/p>\n<p><a href=\"http:\/\/www.kokopelli.asso.fr\/\">http:\/\/www.kokopelli.asso.fr\/<\/a><\/p>\n<p>&nbsp;<\/p>\n<p>&nbsp;<\/p>\n<p align=\"center\"><b><u>Autres liens dignes d&rsquo;int\u00e9r\u00eat<\/u><\/b><\/p>\n<p>&nbsp;<\/p>\n<p>La Villa Fabulite, un endroit id\u00e9alement plac\u00e9 pour un d\u00e9jeuner dans le calme et la verdure, au Cap d&rsquo;Antibes, \u00e0 proximit\u00e9 de la plage et du vieux port de l&rsquo;Olivette. La Villa Fabulite propose aussi des chambres. Ouverture en saison.<\/p>\n<p>Histoire de la propri\u00e9t\u00e9 (qui explique pourquoi il en est question ici)\u00a0: <a href=\"http:\/\/arcadia.cuerq.net\/?page_id=178\">http:\/\/arcadia.cuerq.net\/?page_id=178<\/a><\/p>\n<p>Adresse du site\u00a0: <a href=\"http:\/\/www.fabulite.com\/\">http:\/\/www.fabulite.com\/<\/a><\/p>\n<p>&nbsp;<\/p>\n<p>Les \u00e9lections municipales approchent\u00a0; \u00e0 Vallauris, un vrai changement est enfin possible\u00a0: <a href=\"http:\/\/falcou2014.fr\/\">http:\/\/Falcou2014.fr\/<\/a><\/p>\n<p>&nbsp;<\/p>\n<p>La politique est l&rsquo;art d&#8217;emp\u00eacher les gens de se m\u00ealer de ce qui les regarde, d&rsquo;apr\u00e8s Paul Val\u00e9ry. Si vous voulez lui donner tort, si vous voulez vous m\u00ealer de vos affaires, le R.I.C. (Rassemblement pour l&rsquo;Initiative Citoyenne) vous propose une alternative.<\/p>\n<p><a href=\"http:\/\/www.ric-france.fr\/\">http:\/\/www.ric-france.fr<\/a><\/p>\n<p>&nbsp;<\/p>\n<p>Champ Soleil<\/p>\n<p>Une remarquable exploitation agricole bio, du c\u00f4t\u00e9 de Nice.<\/p>\n<p><a href=\"file:\/\/\/T:\/Documents\/Sites%20Web\/www.cuerq.net\/arcadia\/www.champ-soleil.fr\/\">www.champ-soleil.fr\/<\/a><\/p>\n<p>&nbsp;<\/p>\n<p>De tout un peu<\/p>\n","protected":false},"excerpt":{"rendered":"<p>Liens en relation, de pr\u00e8s ou de loin, avec le verger Alliance Provence Organe f\u00e9d\u00e9rateur des AMAP (Association pour le Maintien d&rsquo;une Agriculture Paysanne) http:\/\/allianceprovence.org\/spip.php?rubrique20 &nbsp; AMAP D\u00e9sir de Bio \u00e0 Valbonne (06) http:\/\/fr.groups.yahoo.com\/group\/AMAP_Valbonne\/ &nbsp; AMAP du Loup \u00e0 Villeneuve-Loubet (06) http:\/\/amap.nanotechinformatique.com\/infos.html &nbsp; AMAP Esprit de la Terre \u00e0 Valbonne (06) http:\/\/espritdelaterre.free.fr\/spip.php?rubrique2 &nbsp; AMAP La &hellip; <a href=\"https:\/\/arcadia.cuerq.net\/?page_id=168\" class=\"more-link\">Continuer la lecture de <span class=\"screen-reader-text\">&#8211; Liens<\/span>  <span class=\"meta-nav\">&rarr;<\/span><\/a><\/p>\n","protected":false},"author":2,"featured_media":0,"parent":0,"menu_order":0,"comment_status":"closed","ping_status":"closed","template":"","meta":[],"_links":{"self":[{"href":"https:\/\/arcadia.cuerq.net\/index.php?rest_route=\/wp\/v2\/pages\/168"}],"collection":[{"href":"https:\/\/arcadia.cuerq.net\/index.php?rest_route=\/wp\/v2\/pages"}],"about":[{"href":"https:\/\/arcadia.cuerq.net\/index.php?rest_route=\/wp\/v2\/types\/page"}],"author":[{"embeddable":true,"href":"https:\/\/arcadia.cuerq.net\/index.php?rest_route=\/wp\/v2\/users\/2"}],"replies":[{"embeddable":true,"href":"https:\/\/arcadia.cuerq.net\/index.php?rest_route=%2Fwp%2Fv2%2Fcomments&post=168"}],"version-history":[{"count":3,"href":"https:\/\/arcadia.cuerq.net\/index.php?rest_route=\/wp\/v2\/pages\/168\/revisions"}],"predecessor-version":[{"id":212,"href":"https:\/\/arcadia.cuerq.net\/index.php?rest_route=\/wp\/v2\/pages\/168\/revisions\/212"}],"wp:attachment":[{"href":"https:\/\/arcadia.cuerq.net\/index.php?rest_route=%2Fwp%2Fv2%2Fmedia&parent=168"}],"curies":[{"name":"wp","href":"https:\/\/api.w.org\/{rel}","templated":true}]}}